j. What are the prime factors of r(j)?
2, 3, 41
Let x(h) = -16*h - 121. Let v be x(-9). List the prime factors of (-1 + 0)/(((-138)/1584)/v).
2, 3, 11
Suppose -124*i + 12680820 = 336*i. What are the prime factors of i?
3, 1021
Suppose 2*n - 11*s + 12*s - 160758 = 0, 4*s + 160718 = 2*n. What are the prime factors of n?
5, 643
Suppose 2*p - 8 = 0, 0 = -3*i - p + 3*p + 193. Suppose 0*b = 3*k + b - 71, 5*b = -3*k + i. What are the prime factors of k/(-6) + (0 - (0 - 204))?
2, 5
Suppose -4 = -210*x + 211*x. List the prime factors of (-10 - -61)/(x*(-5)/20).
3, 17
Suppose 2*n - 5*w - 13929 = 0, 1092 + 19779 = 3*n - 3*w. List the prime factors of n.
2, 11, 79
List the prime factors of (0 - 4/(-10))/(0 + (-12)/(-430410)).
14347
List the prime factors of (-12 - -4647) + -3 + 0 + -3.
3, 1543
Suppose -8*r + 2*a = -10*r - 202, 3*r + 310 = 4*a. List the prime factors of (r/(-9) + -1)/((-2)/(-36)).
2, 3, 31
Let w be (-8 - 224/(-24))/((-6)/(-9)). Suppose h + 4 = 2*h, -224 = -w*y + 4*h. What are the prime factors of y?
2, 3, 5
Suppose 0 = -10*f + 21*f + 242088. List the prime factors of (-8)/44 + f/(-44).
2, 5
Let d(o) = -526*o + 233. List the prime factors of d(-30).
67, 239
Suppose 3*v - 503 = 2*m - 4874, -5*m - 5*v + 10890 = 0. What are the prime factors of m?
3, 727
List the prime factors of (-22)/99 - (-727097)/63.
3, 3847
Suppose -d + 8078 = 5*t - 1225, 0 = 5*t. Suppose 0 = 5*l - 2*f - 9301, f + 0*f = 5*l - d. List the prime factors of l.
1861
Let a(r) = -r**3 + 17*r**2 + 43*r - 1. Let c be a(19). Let o = 96 - c. List the prime factors of o.
2
What are the prime factors of (-1 - 10/(-4))/(-2 + (-13797)/(-6894))?
3, 383
Suppose 2*p - 3*p = 4. Let x be (8/(-5))/((54/(-225))/(-3)). List the prime factors of p/(61/x + 3).
2, 5
Let l(k) = -306*k + 1776. List the prime factors of l(-10).
2, 3, 13, 31
Let a = -60992 + 97979. What are the prime factors of a?
3, 12329
Let y = -5604 + 10175. What are the prime factors of y?
7, 653
Let g = 17364 + -5133. List the prime factors of g.
3, 151
Let x = -15 - -22. Suppose x + 5 = 6*t. Let z(r) = 26*r**2 - 4*r + 8. List the prime factors of z(t).
2, 13
Suppose 4*q - 16 = 2*v - 6*v, -q - 3*v = -4. Suppose -281 = -q*g + 1399. List the prime factors of g.
2, 3, 5, 7
Suppose 3*a - 7597 = -2*w - 2809, -3*w - 3205 = -2*a. What are the prime factors of a?
2, 17, 47
List the prime factors of 63837/(-21)*-2 - (-4)/14.
2, 5, 19
Let f = -4 + -20. Let b(d) = d**3 + 23*d**2 - 24*d + 3. Let n be b(f). Suppose n*o - 515 = h, -o + 2*h + 173 = 3*h. List the prime factors of o.
2, 43
Suppose 0 = -r - 65*v + 61*v - 98, 3*r = -2*v - 244. Suppose -p - 182 + 47 = 0. Let g = r - p. List the prime factors of g.
3, 19
List the prime factors of (26 - (-13830)/60)*(117 + -3).
3, 19
Suppose -2*r = -2 - 4. Let u(d) = -d**3 + 17*d**2 - 39*d + 138. Let w be u(15). Suppose r*b + 784 - 146 = 4*a, 6 = w*b. List the prime factors of a.
7, 23
Let j(p) = p**3 - 20*p**2 + 8. Let l be j(20). Suppose -2*f = l, -4*o = -3*f - 11684 + 84576. What are the prime factors of 3/5*1 + o/(-65)?
281
Suppose 2*m + 7990 = 3*x, m = -4*x + 2157 + 8489. List the prime factors of x.
2, 11
Let h be 8*4/(5 - -3). Let t be 2*((-5)/(-6) + h/6). Suppose -3*i - t = -57. What are the prime factors of i?
2, 3
Suppose -o - 79463 = 4*v - 9*v, o - 63574 = -4*v. List the prime factors of v.
23, 691
Suppose -6513 - 117884 = -13*v. List the prime factors of v.
7, 1367
Let m = 349 + -504. Let q = -117 - m. List the prime factors of q.
2, 19
Let y = 6544 + -2467. List the prime factors of y/45*20/6.
2, 151
Suppose 5*f - 1011 - 434 = 0. Let h = f + -182. What are the prime factors of h?
107
Let y(f) = -3*f**3 - f**2 + 2*f + 2. Let j be y(-1). Suppose 756 = -j*x - 0*x. List the prime factors of (x/(-36))/(1/2).
3, 7
Let m(h) = -h**3 + 17*h + 58. What are the prime factors of m(-14)?
2, 641
Suppose h - b = 5358, 22*h - 26760 = 17*h - 5*b. List the prime factors of h.
3, 5, 7, 17
Let g be (6/(-7))/((55/35)/(-11)). Suppose 1804 = 2*c + 2*y, 0 = 5*y - 2*y - g. What are the prime factors of c?
2, 3, 5
List the prime factors of (-5 + 10)/20 - (-9227)/4.
3, 769
Suppose a - 2*d = -d + 12, -3*a + 36 = 3*d. Let n(r) = 29 - r**2 - 14 - 8*r - a - 4*r**3 - 13. What are the prime factors of n(-3)?
113
Let g(r) = -14*r - 8. Let w be g(-1). Let u(n) = n**3 - 2*n**2 - 12*n + 9. What are the prime factors of u(w)?
3
Suppose 10*h + 65975 = 5*h + 12*h. List the prime factors of h.
5, 13, 29
Suppose 6*j = 9*j - 168. Suppose -j = -9*n - 2. Suppose u - 138 = -b, -4*b + 3*u = n*u - 551. List the prime factors of b.
137
Suppose 3*h + 15 = 0, -h = 5*u + 2*h + 130. Let m = -23 - u. List the prime factors of (-45)/5*(-9 - (3 - m)).
2, 3
Suppose 10*r - 13*r = -3*g + 6, -4 = 3*g + 2*r. Suppose -4*a + 763 = -3*j + 2111, g = 5*j - 2*a - 2242. List the prime factors of j.
2, 7
What are the prime factors of (5*(-42)/140)/(25509/12756 - 2)?
2, 3, 1063
Let y be 3 + (-5 - 0)*(-21)/5. Let g = 23 - y. List the prime factors of 3 - (5 + -1) - (-4 - g).
2
Let u(p) = 6*p + 43*p**2 + 73 - 5*p**2 - 13*p**2 - 7*p**2 - 6*p**2. List the prime factors of u(-10).
1213
List the prime factors of (-2 - ((-4)/6 + 0))*(-422811)/218.
2, 3, 431
Let t be 6/4*(-402)/(-67). Suppose t*z = -3025 + 17029. What are the prime factors of z?
2, 389
Suppose -4*s - 2*g + 272 = s, 5*g - 5 = 0. Let r = s + -82. List the prime factors of (-21)/r - 41/(-4).
11
Suppose 5*i - 14*s - 29190 = -9*s, -8*i = s - 46731. List the prime factors of i.
3, 11, 59
Suppose 9*i - 17 - 10 = 0. Suppose 1536 = -i*o + 7*o. List the prime factors of o.
2, 3
Suppose -2190 = w + 9*w. Suppose -5*a = -5, -2*a + 117 - 482 = -l. Let o = w + l. What are the prime factors of o?
2, 37
Suppose 0 = -j - 47 - 26. Let b = -73 - j. Suppose 5*s - 4*s - 42 = 3*u, b = 3*s - 5*u - 114. List the prime factors of s.
3, 11
Let m = 263 + -259. What are the prime factors of (m/((-8)/10))/(6/(-138))?
5, 23
List the prime factors of 2672060/210 - (-4)/(-42).
2, 3181
Let g(y) be the first derivative of 46*y**3/3 - y**2 - 5. Let z be g(-1). Suppose -z - 13 = -n. List the prime factors of n.
61
Suppose 242*t - 51*t - 543660 = -13*t. List the prime factors of t.
5, 13, 41
Suppose 2*s = 3*f + 15443, -76*s + f = -71*s - 38601. What are the prime factors of s?
2, 5, 193
Suppose -2*p + p = -81. Let y = p + -40. Suppose w = -3*t + y, 2*t - 5*w + 2*w - 31 = 0. What are the prime factors of t?
2, 7
Let c(b) = -1236*b + 1099. What are the prime factors of c(-34)?
29, 1487
Let y(c) = 4*c**3 + c**2 + 9*c + 5. Suppose -t - 4*t = 3*o - 1, 4*t = -16. List the prime factors of y(o).
1489
Let j = -33 + 34. Let g be -11 - -13 - 48/(j - 2). Suppose -w - 2*w = q - 150, 2*q + g = w. What are the prime factors of w?
2, 5
Let n(z) = 90*z**2 - 47*z - 235. What are the prime factors of n(-6)?
19, 173
Let m be 4*(-3)/(-66) + (-4271339)/(-451). Suppose -20*f - m = -41*f. List the prime factors of f.
11, 41
Let q(v) = -v**3 + 102*v**2 + 9*v - 3291. What are the prime factors of q(91)?
23, 3853
Let t(o) = -o**2 - 17*o + 22. Let y be t(-18). Suppose -4*g + 76 - 432 = -y*p, -346 = -4*p + 2*g. Suppose -3*n - 3*n = -p. List the prime factors of n.
2, 7
Suppose 5*a + 30 = 0, 2*t - 40*a + 44*a - 46346 = 0. What are the prime factors of t?
5, 4637
Suppose 38 = 10*j + 18. List the prime factors of -11 + (-8682)/(-12) + 1/j.
23, 31
Suppose 5*p - 10*p + 18 = -2*w, 0 = 4*p - 3*w - 13. What are the prime factors of 1/((-1)/p) - (-91 - -12)?
3, 5
Let d be (-2)/(-20) - 13698/(-20). Let h be 1/(-2) - d/10. Let n = h + 91. List the prime factors of n.
2, 11
Suppose 0 = 5*c + 3384 - 134. Let i = -99 - c. What are the prime factors of i?
19, 29
Suppose -5*n - 19482 = -2*u, -n = 4*u + u - 48678. List the prime factors of u.
2, 1217
What are the prime factors of (-624728)/(-60) + 0 + (-140)/1050?
2, 19, 137
Let w be (-1)/3 - 385/(-15)*11. Let p = w + -66. List the prime factors of p.
2, 3
Suppose -66*z + 32*z + 204 = 0. Suppose -h = -3*x - 1216, -z*h + 2*h - 5*x + 4813 = 0. What are the prime factors of h?
17, 71
Let g be -40*(44/16 - 3). Suppose 8*k - 3*k = 5*y + 2455, 0 = 2*y + g. What are the prime factors of k?
2, 3
What are the prime factors of (3 + (-21)/6)/(60/(-395160))?
37, 89
Suppose -5*v = 11*b - 197637, -4*b + 3*v = -84804 + 12936. What are th